{"id":1462,"date":"2021-11-27T19:46:24","date_gmt":"2021-11-27T18:46:24","guid":{"rendered":"https:\/\/pingouinartiste.net\/?post_type=product&#038;p=1462"},"modified":"2021-11-30T20:24:04","modified_gmt":"2021-11-30T19:24:04","slug":"marche-aux-fleurs","status":"publish","type":"product","link":"https:\/\/pingouinartiste.net\/index.php\/produit\/marche-aux-fleurs\/","title":{"rendered":"March\u00e9 aux fleurs"},"content":{"rendered":"","protected":false},"excerpt":{"rendered":"<p>Une petite abeille prenant soin de son \u00e9talage de fleurs.<\/p>\n<p>Tirage d&rsquo;art disponible en A4 ou A5.<\/p>\n<p>L&rsquo;illustration originale a \u00e9t\u00e9 peinte au crayon de couleur et \u00e0 l&rsquo;aquarelle sur un papier Hahnem\u00fchle Moulin du Coq grain fin de 325g\/m2 avec un m\u00e9lange de couleurs fines et extra-fines.<\/p>\n<p>La reproduction a \u00e9t\u00e9 imprim\u00e9e sur un papier textur\u00e9 Modigliani 260g\/m2 avec bordures blanches. J&rsquo;ai s\u00e9lectionn\u00e9 le papier Modigliani pour sa mati\u00e8re textur\u00e9e qui rappelle le grain du papier aquarelle.<\/p>\n<p>Les couleurs peuvent \u00eatre per\u00e7ues diff\u00e9remment selon votre mat\u00e9riel (ordinateur, t\u00e9l\u00e9phone, tablette, etc) et le calibrage de votre PC.<\/p>\n","protected":false},"featured_media":1653,"template":"","meta":{"_monsterinsights_skip_tracking":false,"_monsterinsights_sitenote_active":false,"_monsterinsights_sitenote_note":"","_monsterinsights_sitenote_category":0},"product_brand":[],"product_cat":[152],"product_tag":[150,182,149,166,142,146,165,164,151,143],"class_list":{"0":"post-1462","1":"product","2":"type-product","3":"status-publish","4":"has-post-thumbnail","6":"product_cat-tirages-dart-prints","7":"product_tag-a4","8":"product_tag-abeille","9":"product_tag-aquarelle","10":"product_tag-art-print","11":"product_tag-fait-main","12":"product_tag-illustration","13":"product_tag-print","14":"product_tag-reproduction","15":"product_tag-tirage-dart","16":"product_tag-traditionnel","18":"first","19":"instock","20":"purchasable","21":"product-type-variable"},"yoast_head":"<!-- This site is optimized with the Yoast SEO plugin v26.5 - https:\/\/yoast.com\/wordpress\/plugins\/seo\/ -->\n<title>March\u00e9 aux fleurs - Tirages d&#039;art - Boutique - Le Pingouin Artiste<\/title>\n<meta name=\"description\" content=\"Une petite abeille prenant soin de son march\u00e9 aux fleurs. Tirage d&#039;art disponible en A4 ou A5.\" \/>\n<meta name=\"robots\" content=\"index, follow, max-snippet:-1, max-image-preview:large, max-video-preview:-1\" \/>\n<link rel=\"canonical\" href=\"https:\/\/pingouinartiste.net\/index.php\/produit\/marche-aux-fleurs\/\" \/>\n<meta property=\"og:locale\" content=\"fr_FR\" \/>\n<meta property=\"og:type\" content=\"article\" \/>\n<meta property=\"og:title\" content=\"March\u00e9 aux fleurs - Tirages d&#039;art - Boutique - Le Pingouin Artiste\" \/>\n<meta property=\"og:description\" content=\"Une petite abeille prenant soin de son march\u00e9 aux fleurs. Tirage d&#039;art disponible en A4 ou A5.\" \/>\n<meta property=\"og:url\" content=\"https:\/\/pingouinartiste.net\/index.php\/produit\/marche-aux-fleurs\/\" \/>\n<meta property=\"og:site_name\" content=\"Le Pingouin Artiste\" \/>\n<meta property=\"article:modified_time\" content=\"2021-11-30T19:24:04+00:00\" \/>\n<meta property=\"og:image\" content=\"https:\/\/pingouinartiste.net\/wp-content\/uploads\/2021\/11\/Marche-aux-fleurs-mockup-WP-2.jpg\" \/>\n\t<meta property=\"og:image:width\" content=\"800\" \/>\n\t<meta property=\"og:image:height\" content=\"600\" \/>\n\t<meta property=\"og:image:type\" content=\"image\/jpeg\" \/>\n<meta name=\"twitter:card\" content=\"summary_large_image\" \/>\n<script type=\"application\/ld+json\" class=\"yoast-schema-graph\">{\"@context\":\"https:\/\/schema.org\",\"@graph\":[{\"@type\":\"WebPage\",\"@id\":\"https:\/\/pingouinartiste.net\/index.php\/produit\/marche-aux-fleurs\/\",\"url\":\"https:\/\/pingouinartiste.net\/index.php\/produit\/marche-aux-fleurs\/\",\"name\":\"March\u00e9 aux fleurs - Tirages d'art - Boutique - Le Pingouin Artiste\",\"isPartOf\":{\"@id\":\"https:\/\/pingouinartiste.net\/#website\"},\"primaryImageOfPage\":{\"@id\":\"https:\/\/pingouinartiste.net\/index.php\/produit\/marche-aux-fleurs\/#primaryimage\"},\"image\":{\"@id\":\"https:\/\/pingouinartiste.net\/index.php\/produit\/marche-aux-fleurs\/#primaryimage\"},\"thumbnailUrl\":\"https:\/\/pingouinartiste.net\/wp-content\/uploads\/2021\/11\/Marche-aux-fleurs-mockup-WP-2.jpg\",\"datePublished\":\"2021-11-27T18:46:24+00:00\",\"dateModified\":\"2021-11-30T19:24:04+00:00\",\"description\":\"Une petite abeille prenant soin de son march\u00e9 aux fleurs. Tirage d'art disponible en A4 ou A5.\",\"breadcrumb\":{\"@id\":\"https:\/\/pingouinartiste.net\/index.php\/produit\/marche-aux-fleurs\/#breadcrumb\"},\"inLanguage\":\"fr-FR\",\"potentialAction\":[{\"@type\":\"ReadAction\",\"target\":[\"https:\/\/pingouinartiste.net\/index.php\/produit\/marche-aux-fleurs\/\"]}]},{\"@type\":\"ImageObject\",\"inLanguage\":\"fr-FR\",\"@id\":\"https:\/\/pingouinartiste.net\/index.php\/produit\/marche-aux-fleurs\/#primaryimage\",\"url\":\"https:\/\/pingouinartiste.net\/wp-content\/uploads\/2021\/11\/Marche-aux-fleurs-mockup-WP-2.jpg\",\"contentUrl\":\"https:\/\/pingouinartiste.net\/wp-content\/uploads\/2021\/11\/Marche-aux-fleurs-mockup-WP-2.jpg\",\"width\":800,\"height\":600,\"caption\":\"Reproduction imprim\u00e9e de l'illustration \\\"March\u00e9 aux fleurs\\\" au format A4..\"},{\"@type\":\"BreadcrumbList\",\"@id\":\"https:\/\/pingouinartiste.net\/index.php\/produit\/marche-aux-fleurs\/#breadcrumb\",\"itemListElement\":[{\"@type\":\"ListItem\",\"position\":1,\"name\":\"Accueil\",\"item\":\"https:\/\/pingouinartiste.net\/index.php\/page-daccueil-2\/\"},{\"@type\":\"ListItem\",\"position\":2,\"name\":\"Boutique\",\"item\":\"https:\/\/pingouinartiste.net\/index.php\/boutique\/\"},{\"@type\":\"ListItem\",\"position\":3,\"name\":\"March\u00e9 aux fleurs\"}]},{\"@type\":\"WebSite\",\"@id\":\"https:\/\/pingouinartiste.net\/#website\",\"url\":\"https:\/\/pingouinartiste.net\/\",\"name\":\"Le Pingouin Artiste\",\"description\":\"Patricia E. - Illustratrice\",\"publisher\":{\"@id\":\"https:\/\/pingouinartiste.net\/#organization\"},\"potentialAction\":[{\"@type\":\"SearchAction\",\"target\":{\"@type\":\"EntryPoint\",\"urlTemplate\":\"https:\/\/pingouinartiste.net\/?s={search_term_string}\"},\"query-input\":{\"@type\":\"PropertyValueSpecification\",\"valueRequired\":true,\"valueName\":\"search_term_string\"}}],\"inLanguage\":\"fr-FR\"},{\"@type\":\"Organization\",\"@id\":\"https:\/\/pingouinartiste.net\/#organization\",\"name\":\"Le Pingouin Artiste\",\"url\":\"https:\/\/pingouinartiste.net\/\",\"logo\":{\"@type\":\"ImageObject\",\"inLanguage\":\"fr-FR\",\"@id\":\"https:\/\/pingouinartiste.net\/#\/schema\/logo\/image\/\",\"url\":\"https:\/\/pingouinartiste.net\/wp-content\/uploads\/2021\/11\/Logo-Le-Pingouin-Artiste-JPEG.jpg\",\"contentUrl\":\"https:\/\/pingouinartiste.net\/wp-content\/uploads\/2021\/11\/Logo-Le-Pingouin-Artiste-JPEG.jpg\",\"width\":1813,\"height\":1300,\"caption\":\"Le Pingouin Artiste\"},\"image\":{\"@id\":\"https:\/\/pingouinartiste.net\/#\/schema\/logo\/image\/\"}}]}<\/script>\n<!-- \/ Yoast SEO plugin. -->","yoast_head_json":{"title":"March\u00e9 aux fleurs - Tirages d'art - Boutique - Le Pingouin Artiste","description":"Une petite abeille prenant soin de son march\u00e9 aux fleurs. Tirage d'art disponible en A4 ou A5.","robots":{"index":"index","follow":"follow","max-snippet":"max-snippet:-1","max-image-preview":"max-image-preview:large","max-video-preview":"max-video-preview:-1"},"canonical":"https:\/\/pingouinartiste.net\/index.php\/produit\/marche-aux-fleurs\/","og_locale":"fr_FR","og_type":"article","og_title":"March\u00e9 aux fleurs - Tirages d'art - Boutique - Le Pingouin Artiste","og_description":"Une petite abeille prenant soin de son march\u00e9 aux fleurs. Tirage d'art disponible en A4 ou A5.","og_url":"https:\/\/pingouinartiste.net\/index.php\/produit\/marche-aux-fleurs\/","og_site_name":"Le Pingouin Artiste","article_modified_time":"2021-11-30T19:24:04+00:00","og_image":[{"width":800,"height":600,"url":"https:\/\/pingouinartiste.net\/wp-content\/uploads\/2021\/11\/Marche-aux-fleurs-mockup-WP-2.jpg","type":"image\/jpeg"}],"twitter_card":"summary_large_image","schema":{"@context":"https:\/\/schema.org","@graph":[{"@type":"WebPage","@id":"https:\/\/pingouinartiste.net\/index.php\/produit\/marche-aux-fleurs\/","url":"https:\/\/pingouinartiste.net\/index.php\/produit\/marche-aux-fleurs\/","name":"March\u00e9 aux fleurs - Tirages d'art - Boutique - Le Pingouin Artiste","isPartOf":{"@id":"https:\/\/pingouinartiste.net\/#website"},"primaryImageOfPage":{"@id":"https:\/\/pingouinartiste.net\/index.php\/produit\/marche-aux-fleurs\/#primaryimage"},"image":{"@id":"https:\/\/pingouinartiste.net\/index.php\/produit\/marche-aux-fleurs\/#primaryimage"},"thumbnailUrl":"https:\/\/pingouinartiste.net\/wp-content\/uploads\/2021\/11\/Marche-aux-fleurs-mockup-WP-2.jpg","datePublished":"2021-11-27T18:46:24+00:00","dateModified":"2021-11-30T19:24:04+00:00","description":"Une petite abeille prenant soin de son march\u00e9 aux fleurs. Tirage d'art disponible en A4 ou A5.","breadcrumb":{"@id":"https:\/\/pingouinartiste.net\/index.php\/produit\/marche-aux-fleurs\/#breadcrumb"},"inLanguage":"fr-FR","potentialAction":[{"@type":"ReadAction","target":["https:\/\/pingouinartiste.net\/index.php\/produit\/marche-aux-fleurs\/"]}]},{"@type":"ImageObject","inLanguage":"fr-FR","@id":"https:\/\/pingouinartiste.net\/index.php\/produit\/marche-aux-fleurs\/#primaryimage","url":"https:\/\/pingouinartiste.net\/wp-content\/uploads\/2021\/11\/Marche-aux-fleurs-mockup-WP-2.jpg","contentUrl":"https:\/\/pingouinartiste.net\/wp-content\/uploads\/2021\/11\/Marche-aux-fleurs-mockup-WP-2.jpg","width":800,"height":600,"caption":"Reproduction imprim\u00e9e de l'illustration \"March\u00e9 aux fleurs\" au format A4.."},{"@type":"BreadcrumbList","@id":"https:\/\/pingouinartiste.net\/index.php\/produit\/marche-aux-fleurs\/#breadcrumb","itemListElement":[{"@type":"ListItem","position":1,"name":"Accueil","item":"https:\/\/pingouinartiste.net\/index.php\/page-daccueil-2\/"},{"@type":"ListItem","position":2,"name":"Boutique","item":"https:\/\/pingouinartiste.net\/index.php\/boutique\/"},{"@type":"ListItem","position":3,"name":"March\u00e9 aux fleurs"}]},{"@type":"WebSite","@id":"https:\/\/pingouinartiste.net\/#website","url":"https:\/\/pingouinartiste.net\/","name":"Le Pingouin Artiste","description":"Patricia E. - Illustratrice","publisher":{"@id":"https:\/\/pingouinartiste.net\/#organization"},"potentialAction":[{"@type":"SearchAction","target":{"@type":"EntryPoint","urlTemplate":"https:\/\/pingouinartiste.net\/?s={search_term_string}"},"query-input":{"@type":"PropertyValueSpecification","valueRequired":true,"valueName":"search_term_string"}}],"inLanguage":"fr-FR"},{"@type":"Organization","@id":"https:\/\/pingouinartiste.net\/#organization","name":"Le Pingouin Artiste","url":"https:\/\/pingouinartiste.net\/","logo":{"@type":"ImageObject","inLanguage":"fr-FR","@id":"https:\/\/pingouinartiste.net\/#\/schema\/logo\/image\/","url":"https:\/\/pingouinartiste.net\/wp-content\/uploads\/2021\/11\/Logo-Le-Pingouin-Artiste-JPEG.jpg","contentUrl":"https:\/\/pingouinartiste.net\/wp-content\/uploads\/2021\/11\/Logo-Le-Pingouin-Artiste-JPEG.jpg","width":1813,"height":1300,"caption":"Le Pingouin Artiste"},"image":{"@id":"https:\/\/pingouinartiste.net\/#\/schema\/logo\/image\/"}}]}},"jetpack_sharing_enabled":true,"_links":{"self":[{"href":"https:\/\/pingouinartiste.net\/index.php\/wp-json\/wp\/v2\/product\/1462","targetHints":{"allow":["GET"]}}],"collection":[{"href":"https:\/\/pingouinartiste.net\/index.php\/wp-json\/wp\/v2\/product"}],"about":[{"href":"https:\/\/pingouinartiste.net\/index.php\/wp-json\/wp\/v2\/types\/product"}],"wp:featuredmedia":[{"embeddable":true,"href":"https:\/\/pingouinartiste.net\/index.php\/wp-json\/wp\/v2\/media\/1653"}],"wp:attachment":[{"href":"https:\/\/pingouinartiste.net\/index.php\/wp-json\/wp\/v2\/media?parent=1462"}],"wp:term":[{"taxonomy":"product_brand","embeddable":true,"href":"https:\/\/pingouinartiste.net\/index.php\/wp-json\/wp\/v2\/product_brand?post=1462"},{"taxonomy":"product_cat","embeddable":true,"href":"https:\/\/pingouinartiste.net\/index.php\/wp-json\/wp\/v2\/product_cat?post=1462"},{"taxonomy":"product_tag","embeddable":true,"href":"https:\/\/pingouinartiste.net\/index.php\/wp-json\/wp\/v2\/product_tag?post=1462"}],"curies":[{"name":"wp","href":"https:\/\/api.w.org\/{rel}","templated":true}]}}