{"id":1807,"date":"2022-01-28T10:56:51","date_gmt":"2022-01-28T09:56:51","guid":{"rendered":"https:\/\/pingouinartiste.net\/?post_type=product&#038;p=1807"},"modified":"2022-01-28T15:35:30","modified_gmt":"2022-01-28T14:35:30","slug":"joyeuse-saint-valentin","status":"publish","type":"product","link":"https:\/\/pingouinartiste.net\/index.php\/produit\/joyeuse-saint-valentin\/","title":{"rendered":"Joyeuse Saint-Valentin"},"content":{"rendered":"<p>Petite carte de v\u0153ux \u00e0 offrir le 14 f\u00e9vrier pour la Saint-Valentin!<\/p>\n<p>Carte imprim\u00e9e au format carr\u00e9 14,6 x 14,6 cm sur un papier Hahnem\u00fchle Fine Art 290gr\/m2. Ce papier a un rendu textur\u00e9 et un grammage se rapprochant de l&rsquo;aspect d&rsquo;un papier aquarelle.<\/p>\n<p>L&rsquo;illustration originale a \u00e9t\u00e9 peinte \u00e0 l&rsquo;aquarelle sur un papier Hahnem\u00fchle Moulin du Coq grain fin 325g\/m2 avec un m\u00e9lange de couleurs fines et extra-fines.<\/p>\n<p>Une option enveloppe recycl\u00e9e carr\u00e9 rouge est disponible.<\/p>\n<p>Les couleurs peuvent \u00eatre per\u00e7ues diff\u00e9remment selon votre mat\u00e9riel (ordinateur, t\u00e9l\u00e9phone, tablette, etc) et le calibrage de votre PC.<\/p>\n<p>Joyeuse Saint-Valentin! \u2665<\/p>\n","protected":false},"excerpt":{"rendered":"<p>Petite carte de v\u0153ux \u00e0 offrir le 14 f\u00e9vrier pour la Saint-Valentin!<\/p>\n<p>Carte imprim\u00e9e au format carr\u00e9 14,6 x 14,6 cm sur un papier Hahnem\u00fchle Fine Art 290gr\/m2. Ce papier a un rendu textur\u00e9 et un grammage se rapprochant de l&rsquo;aspect d&rsquo;un papier aquarelle.<\/p>\n<p>L&rsquo;illustration originale a \u00e9t\u00e9 peinte \u00e0 l&rsquo;aquarelle sur un papier Hahnem\u00fchle Moulin du Coq grain fin 325g\/m2 avec un m\u00e9lange de couleurs fines et extra-fines.<\/p>\n<p>Une option enveloppe recycl\u00e9e carr\u00e9 rouge est disponible.<\/p>\n<p>Les couleurs peuvent \u00eatre per\u00e7ues diff\u00e9remment selon votre mat\u00e9riel (ordinateur, t\u00e9l\u00e9phone, tablette, etc) et le calibrage de votre PC.<\/p>\n<p>Joyeuse Saint-Valentin! \u2665<\/p>\n","protected":false},"featured_media":1814,"template":"","meta":{"_monsterinsights_skip_tracking":false,"_monsterinsights_sitenote_active":false,"_monsterinsights_sitenote_note":"","_monsterinsights_sitenote_category":0},"product_brand":[],"product_cat":[139],"product_tag":[196,149,194,171,140,141,183,142,195,143],"class_list":{"0":"post-1807","1":"product","2":"type-product","3":"status-publish","4":"has-post-thumbnail","6":"product_cat-cartes-de-voeux","7":"product_tag-amour","8":"product_tag-aquarelle","9":"product_tag-boutique","10":"product_tag-cadeau","11":"product_tag-carte","12":"product_tag-carte-de-voeux","13":"product_tag-carterie","14":"product_tag-fait-main","15":"product_tag-saint-valentin","16":"product_tag-traditionnel","18":"first","19":"instock","20":"shipping-taxable","21":"purchasable","22":"product-type-variable"},"yoast_head":"<!-- This site is optimized with the Yoast SEO plugin v26.5 - https:\/\/yoast.com\/wordpress\/plugins\/seo\/ -->\n<title>Joyeuse Saint-Valentin - Le Pingouin Artiste<\/title>\n<meta name=\"description\" content=\"Petite carte de v\u0153ux \u00e0 offrir le 14 f\u00e9vrier pour la Saint-Valentin! Carte imprim\u00e9e au format carr\u00e9 14,6 x 14,6 cm sur un papier Hahnem\u00fchle\" \/>\n<meta name=\"robots\" content=\"index, follow, max-snippet:-1, max-image-preview:large, max-video-preview:-1\" \/>\n<link rel=\"canonical\" href=\"https:\/\/pingouinartiste.net\/index.php\/produit\/joyeuse-saint-valentin\/\" \/>\n<meta property=\"og:locale\" content=\"fr_FR\" \/>\n<meta property=\"og:type\" content=\"article\" \/>\n<meta property=\"og:title\" content=\"Joyeuse Saint-Valentin - Le Pingouin Artiste\" \/>\n<meta property=\"og:description\" content=\"Petite carte de v\u0153ux \u00e0 offrir le 14 f\u00e9vrier pour la Saint-Valentin! Carte imprim\u00e9e au format carr\u00e9 14,6 x 14,6 cm sur un papier Hahnem\u00fchle\" \/>\n<meta property=\"og:url\" content=\"https:\/\/pingouinartiste.net\/index.php\/produit\/joyeuse-saint-valentin\/\" \/>\n<meta property=\"og:site_name\" content=\"Le Pingouin Artiste\" \/>\n<meta property=\"article:modified_time\" content=\"2022-01-28T14:35:30+00:00\" \/>\n<meta property=\"og:image\" content=\"https:\/\/pingouinartiste.net\/wp-content\/uploads\/2022\/01\/Saint-Valentin-Mokcup.jpg\" \/>\n\t<meta property=\"og:image:width\" content=\"800\" \/>\n\t<meta property=\"og:image:height\" content=\"600\" \/>\n\t<meta property=\"og:image:type\" content=\"image\/jpeg\" \/>\n<meta name=\"twitter:card\" content=\"summary_large_image\" \/>\n<meta name=\"twitter:label1\" content=\"Dur\u00e9e de lecture estim\u00e9e\" \/>\n\t<meta name=\"twitter:data1\" content=\"1 minute\" \/>\n<script type=\"application\/ld+json\" class=\"yoast-schema-graph\">{\"@context\":\"https:\/\/schema.org\",\"@graph\":[{\"@type\":\"WebPage\",\"@id\":\"https:\/\/pingouinartiste.net\/index.php\/produit\/joyeuse-saint-valentin\/\",\"url\":\"https:\/\/pingouinartiste.net\/index.php\/produit\/joyeuse-saint-valentin\/\",\"name\":\"Joyeuse Saint-Valentin - Le Pingouin Artiste\",\"isPartOf\":{\"@id\":\"https:\/\/pingouinartiste.net\/#website\"},\"primaryImageOfPage\":{\"@id\":\"https:\/\/pingouinartiste.net\/index.php\/produit\/joyeuse-saint-valentin\/#primaryimage\"},\"image\":{\"@id\":\"https:\/\/pingouinartiste.net\/index.php\/produit\/joyeuse-saint-valentin\/#primaryimage\"},\"thumbnailUrl\":\"https:\/\/pingouinartiste.net\/wp-content\/uploads\/2022\/01\/Saint-Valentin-Mokcup.jpg\",\"datePublished\":\"2022-01-28T09:56:51+00:00\",\"dateModified\":\"2022-01-28T14:35:30+00:00\",\"description\":\"Petite carte de v\u0153ux \u00e0 offrir le 14 f\u00e9vrier pour la Saint-Valentin! Carte imprim\u00e9e au format carr\u00e9 14,6 x 14,6 cm sur un papier Hahnem\u00fchle\",\"breadcrumb\":{\"@id\":\"https:\/\/pingouinartiste.net\/index.php\/produit\/joyeuse-saint-valentin\/#breadcrumb\"},\"inLanguage\":\"fr-FR\",\"potentialAction\":[{\"@type\":\"ReadAction\",\"target\":[\"https:\/\/pingouinartiste.net\/index.php\/produit\/joyeuse-saint-valentin\/\"]}]},{\"@type\":\"ImageObject\",\"inLanguage\":\"fr-FR\",\"@id\":\"https:\/\/pingouinartiste.net\/index.php\/produit\/joyeuse-saint-valentin\/#primaryimage\",\"url\":\"https:\/\/pingouinartiste.net\/wp-content\/uploads\/2022\/01\/Saint-Valentin-Mokcup.jpg\",\"contentUrl\":\"https:\/\/pingouinartiste.net\/wp-content\/uploads\/2022\/01\/Saint-Valentin-Mokcup.jpg\",\"width\":800,\"height\":600,\"caption\":\"Carte de voeux \\\"Joyeuse Saint-Valentin\\\" peinte \u00e0 l'aquarelle et imprim\u00e9e.\"},{\"@type\":\"BreadcrumbList\",\"@id\":\"https:\/\/pingouinartiste.net\/index.php\/produit\/joyeuse-saint-valentin\/#breadcrumb\",\"itemListElement\":[{\"@type\":\"ListItem\",\"position\":1,\"name\":\"Accueil\",\"item\":\"https:\/\/pingouinartiste.net\/index.php\/page-daccueil-2\/\"},{\"@type\":\"ListItem\",\"position\":2,\"name\":\"Boutique\",\"item\":\"https:\/\/pingouinartiste.net\/index.php\/boutique\/\"},{\"@type\":\"ListItem\",\"position\":3,\"name\":\"Joyeuse Saint-Valentin\"}]},{\"@type\":\"WebSite\",\"@id\":\"https:\/\/pingouinartiste.net\/#website\",\"url\":\"https:\/\/pingouinartiste.net\/\",\"name\":\"Le Pingouin Artiste\",\"description\":\"Patricia E. - Illustratrice\",\"publisher\":{\"@id\":\"https:\/\/pingouinartiste.net\/#organization\"},\"potentialAction\":[{\"@type\":\"SearchAction\",\"target\":{\"@type\":\"EntryPoint\",\"urlTemplate\":\"https:\/\/pingouinartiste.net\/?s={search_term_string}\"},\"query-input\":{\"@type\":\"PropertyValueSpecification\",\"valueRequired\":true,\"valueName\":\"search_term_string\"}}],\"inLanguage\":\"fr-FR\"},{\"@type\":\"Organization\",\"@id\":\"https:\/\/pingouinartiste.net\/#organization\",\"name\":\"Le Pingouin Artiste\",\"url\":\"https:\/\/pingouinartiste.net\/\",\"logo\":{\"@type\":\"ImageObject\",\"inLanguage\":\"fr-FR\",\"@id\":\"https:\/\/pingouinartiste.net\/#\/schema\/logo\/image\/\",\"url\":\"https:\/\/pingouinartiste.net\/wp-content\/uploads\/2021\/11\/Logo-Le-Pingouin-Artiste-JPEG.jpg\",\"contentUrl\":\"https:\/\/pingouinartiste.net\/wp-content\/uploads\/2021\/11\/Logo-Le-Pingouin-Artiste-JPEG.jpg\",\"width\":1813,\"height\":1300,\"caption\":\"Le Pingouin Artiste\"},\"image\":{\"@id\":\"https:\/\/pingouinartiste.net\/#\/schema\/logo\/image\/\"}}]}<\/script>\n<!-- \/ Yoast SEO plugin. -->","yoast_head_json":{"title":"Joyeuse Saint-Valentin - Le Pingouin Artiste","description":"Petite carte de v\u0153ux \u00e0 offrir le 14 f\u00e9vrier pour la Saint-Valentin! Carte imprim\u00e9e au format carr\u00e9 14,6 x 14,6 cm sur un papier Hahnem\u00fchle","robots":{"index":"index","follow":"follow","max-snippet":"max-snippet:-1","max-image-preview":"max-image-preview:large","max-video-preview":"max-video-preview:-1"},"canonical":"https:\/\/pingouinartiste.net\/index.php\/produit\/joyeuse-saint-valentin\/","og_locale":"fr_FR","og_type":"article","og_title":"Joyeuse Saint-Valentin - Le Pingouin Artiste","og_description":"Petite carte de v\u0153ux \u00e0 offrir le 14 f\u00e9vrier pour la Saint-Valentin! Carte imprim\u00e9e au format carr\u00e9 14,6 x 14,6 cm sur un papier Hahnem\u00fchle","og_url":"https:\/\/pingouinartiste.net\/index.php\/produit\/joyeuse-saint-valentin\/","og_site_name":"Le Pingouin Artiste","article_modified_time":"2022-01-28T14:35:30+00:00","og_image":[{"width":800,"height":600,"url":"https:\/\/pingouinartiste.net\/wp-content\/uploads\/2022\/01\/Saint-Valentin-Mokcup.jpg","type":"image\/jpeg"}],"twitter_card":"summary_large_image","twitter_misc":{"Dur\u00e9e de lecture estim\u00e9e":"1 minute"},"schema":{"@context":"https:\/\/schema.org","@graph":[{"@type":"WebPage","@id":"https:\/\/pingouinartiste.net\/index.php\/produit\/joyeuse-saint-valentin\/","url":"https:\/\/pingouinartiste.net\/index.php\/produit\/joyeuse-saint-valentin\/","name":"Joyeuse Saint-Valentin - Le Pingouin Artiste","isPartOf":{"@id":"https:\/\/pingouinartiste.net\/#website"},"primaryImageOfPage":{"@id":"https:\/\/pingouinartiste.net\/index.php\/produit\/joyeuse-saint-valentin\/#primaryimage"},"image":{"@id":"https:\/\/pingouinartiste.net\/index.php\/produit\/joyeuse-saint-valentin\/#primaryimage"},"thumbnailUrl":"https:\/\/pingouinartiste.net\/wp-content\/uploads\/2022\/01\/Saint-Valentin-Mokcup.jpg","datePublished":"2022-01-28T09:56:51+00:00","dateModified":"2022-01-28T14:35:30+00:00","description":"Petite carte de v\u0153ux \u00e0 offrir le 14 f\u00e9vrier pour la Saint-Valentin! Carte imprim\u00e9e au format carr\u00e9 14,6 x 14,6 cm sur un papier Hahnem\u00fchle","breadcrumb":{"@id":"https:\/\/pingouinartiste.net\/index.php\/produit\/joyeuse-saint-valentin\/#breadcrumb"},"inLanguage":"fr-FR","potentialAction":[{"@type":"ReadAction","target":["https:\/\/pingouinartiste.net\/index.php\/produit\/joyeuse-saint-valentin\/"]}]},{"@type":"ImageObject","inLanguage":"fr-FR","@id":"https:\/\/pingouinartiste.net\/index.php\/produit\/joyeuse-saint-valentin\/#primaryimage","url":"https:\/\/pingouinartiste.net\/wp-content\/uploads\/2022\/01\/Saint-Valentin-Mokcup.jpg","contentUrl":"https:\/\/pingouinartiste.net\/wp-content\/uploads\/2022\/01\/Saint-Valentin-Mokcup.jpg","width":800,"height":600,"caption":"Carte de voeux \"Joyeuse Saint-Valentin\" peinte \u00e0 l'aquarelle et imprim\u00e9e."},{"@type":"BreadcrumbList","@id":"https:\/\/pingouinartiste.net\/index.php\/produit\/joyeuse-saint-valentin\/#breadcrumb","itemListElement":[{"@type":"ListItem","position":1,"name":"Accueil","item":"https:\/\/pingouinartiste.net\/index.php\/page-daccueil-2\/"},{"@type":"ListItem","position":2,"name":"Boutique","item":"https:\/\/pingouinartiste.net\/index.php\/boutique\/"},{"@type":"ListItem","position":3,"name":"Joyeuse Saint-Valentin"}]},{"@type":"WebSite","@id":"https:\/\/pingouinartiste.net\/#website","url":"https:\/\/pingouinartiste.net\/","name":"Le Pingouin Artiste","description":"Patricia E. - Illustratrice","publisher":{"@id":"https:\/\/pingouinartiste.net\/#organization"},"potentialAction":[{"@type":"SearchAction","target":{"@type":"EntryPoint","urlTemplate":"https:\/\/pingouinartiste.net\/?s={search_term_string}"},"query-input":{"@type":"PropertyValueSpecification","valueRequired":true,"valueName":"search_term_string"}}],"inLanguage":"fr-FR"},{"@type":"Organization","@id":"https:\/\/pingouinartiste.net\/#organization","name":"Le Pingouin Artiste","url":"https:\/\/pingouinartiste.net\/","logo":{"@type":"ImageObject","inLanguage":"fr-FR","@id":"https:\/\/pingouinartiste.net\/#\/schema\/logo\/image\/","url":"https:\/\/pingouinartiste.net\/wp-content\/uploads\/2021\/11\/Logo-Le-Pingouin-Artiste-JPEG.jpg","contentUrl":"https:\/\/pingouinartiste.net\/wp-content\/uploads\/2021\/11\/Logo-Le-Pingouin-Artiste-JPEG.jpg","width":1813,"height":1300,"caption":"Le Pingouin Artiste"},"image":{"@id":"https:\/\/pingouinartiste.net\/#\/schema\/logo\/image\/"}}]}},"jetpack_sharing_enabled":true,"_links":{"self":[{"href":"https:\/\/pingouinartiste.net\/index.php\/wp-json\/wp\/v2\/product\/1807","targetHints":{"allow":["GET"]}}],"collection":[{"href":"https:\/\/pingouinartiste.net\/index.php\/wp-json\/wp\/v2\/product"}],"about":[{"href":"https:\/\/pingouinartiste.net\/index.php\/wp-json\/wp\/v2\/types\/product"}],"wp:featuredmedia":[{"embeddable":true,"href":"https:\/\/pingouinartiste.net\/index.php\/wp-json\/wp\/v2\/media\/1814"}],"wp:attachment":[{"href":"https:\/\/pingouinartiste.net\/index.php\/wp-json\/wp\/v2\/media?parent=1807"}],"wp:term":[{"taxonomy":"product_brand","embeddable":true,"href":"https:\/\/pingouinartiste.net\/index.php\/wp-json\/wp\/v2\/product_brand?post=1807"},{"taxonomy":"product_cat","embeddable":true,"href":"https:\/\/pingouinartiste.net\/index.php\/wp-json\/wp\/v2\/product_cat?post=1807"},{"taxonomy":"product_tag","embeddable":true,"href":"https:\/\/pingouinartiste.net\/index.php\/wp-json\/wp\/v2\/product_tag?post=1807"}],"curies":[{"name":"wp","href":"https:\/\/api.w.org\/{rel}","templated":true}]}}